{"id":120,"date":"2019-07-03T21:19:41","date_gmt":"2019-07-03T19:19:41","guid":{"rendered":"http:\/\/asomistelbach.ac.at\/asomi\/?page_id=120"},"modified":"2019-07-03T22:45:25","modified_gmt":"2019-07-03T20:45:25","slug":"schulsportguetesiegel","status":"publish","type":"page","link":"https:\/\/asomistelbach.ac.at\/asomi\/schulsportguetesiegel\/","title":{"rendered":"SCHULSPORTG\u00dcTESIEGEL IN GOLD"},"content":{"rendered":"\n<p>\n\nAm 23. M\u00e4rz 2017 erhielt unsere Schule in Biedermannsdorf von Frau Sportlandesr\u00e4tin Petra Bohuslav das Sportg\u00fctesiegel in Gold und die Auszeichnung als &#8222;Jugendfreundlichste Allgemeine Sonderschule in N\u00d6&#8220; im Rahmen der N\u00d6 Schulsport-Trophy 2016\/17. Neben der Siegesurkunde und einem Pokal gab es f\u00fcr die ASO Mistelbach auch einen Gutschein \u00fcber \u20ac 1000,- f\u00fcr den Ankauf von Sportger\u00e4ten, wor\u00fcber sich die Sch\u00fcler nat\u00fcrlich am meisten gefreut haben.\n\n<\/p>\n","protected":false},"excerpt":{"rendered":"<p>Am 23. M\u00e4rz 2017 erhielt unsere Schule in Biedermannsdorf von Frau Sportlandesr\u00e4tin Petra Bohuslav das Sportg\u00fctesiegel in Gold und die &hellip; <\/p>\n","protected":false},"author":1,"featured_media":124,"parent":0,"menu_order":0,"comment_status":"closed","ping_status":"closed","template":"","meta":{"footnotes":""},"class_list":["post-120","page","type-page","status-publish","has-post-thumbnail","hentry","latest_post"],"_links":{"self":[{"href":"https:\/\/asomistelbach.ac.at\/asomi\/wp-json\/wp\/v2\/pages\/120","targetHints":{"allow":["GET"]}}],"collection":[{"href":"https:\/\/asomistelbach.ac.at\/asomi\/wp-json\/wp\/v2\/pages"}],"about":[{"href":"https:\/\/asomistelbach.ac.at\/asomi\/wp-json\/wp\/v2\/types\/page"}],"author":[{"embeddable":true,"href":"https:\/\/asomistelbach.ac.at\/asomi\/wp-json\/wp\/v2\/users\/1"}],"replies":[{"embeddable":true,"href":"https:\/\/asomistelbach.ac.at\/asomi\/wp-json\/wp\/v2\/comments?post=120"}],"version-history":[{"count":4,"href":"https:\/\/asomistelbach.ac.at\/asomi\/wp-json\/wp\/v2\/pages\/120\/revisions"}],"predecessor-version":[{"id":133,"href":"https:\/\/asomistelbach.ac.at\/asomi\/wp-json\/wp\/v2\/pages\/120\/revisions\/133"}],"wp:featuredmedia":[{"embeddable":true,"href":"https:\/\/asomistelbach.ac.at\/asomi\/wp-json\/wp\/v2\/media\/124"}],"wp:attachment":[{"href":"https:\/\/asomistelbach.ac.at\/asomi\/wp-json\/wp\/v2\/media?parent=120"}],"curies":[{"name":"wp","href":"https:\/\/api.w.org\/{rel}","templated":true}]}}