{"id":63,"date":"2019-07-03T02:17:21","date_gmt":"2019-07-03T00:17:21","guid":{"rendered":"http:\/\/asomistelbach.ac.at\/asomi\/?page_id=63"},"modified":"2023-04-12T17:02:03","modified_gmt":"2023-04-12T15:02:03","slug":"unsere-schule","status":"publish","type":"page","link":"https:\/\/asomistelbach.ac.at\/asomi\/unsere-schule\/","title":{"rendered":"<strong>ASO Mistelbach \u2013 eine Drehscheibe der Sonderp\u00e4dagogik<\/strong>"},"content":{"rendered":"\n<p>An der <strong>Allgemeinen Sonderschule<\/strong> in Mistelbach werden Kinder aller Lehrplanarten in Mehrstufenklassen unterrichtet. Dies erlaubt uns, Klassen und Gruppen nach den jeweiligen Bed\u00fcrfnissen unserer Sch\u00fclerinnen und Sch\u00fcler einzuteilen. Unsere engagierten Lehrerinnen und Lehrer bem\u00fchen sich t\u00e4glich, auf Ihre Kinder ad\u00e4quat einzugehen und sie dort abzuholen, wo sie gerade stehen.<\/p>\n\n\n\n<p>Bereits seit einigen Jahrzehnten befindet sich eine <em>Heilst\u00e4ttenklasse<\/em> am Landesklinikum Mistelbach-G\u00e4nserndorf, um die Schulvers\u00e4umnis f\u00fcr jene Kinder zu \u00fcberbr\u00fccken, die \u00fcber einen l\u00e4ngeren Zeitraum station\u00e4r aufgenommen werden m\u00fcssen. Au\u00dferdem wurde im Jahr 2018 eine Schulklasse an der Kinder- und Jugendpsychiatrischen Abteilung installiert. Dort werden jene Sch\u00fclerinnen und Sch\u00fcler unterrichtet, die \u00fcber einen gewissen Zeitraum ambulant auf der Station aufgenommen wurden.<\/p>\n\n\n\n<p>An der ASO Mistelbach legen wir gro\u00dfen Wert auf Individualit\u00e4t und Selbstst\u00e4ndigkeit. Als Team versuchen wir stets, unsere Sch\u00fclerinnen und Sch\u00fcler auf ein selbstbestimmtes Leben nach der Schule vorzubereiten und ihnen daf\u00fcr das beste R\u00fcstzeug zu geben. Dieser Prozess schlie\u00dft nat\u00fcrlich auch die Eltern unserer Sch\u00fctzlinge ein: Als Erziehungsberechtigte sind Sie fortw\u00e4hrend eingeladen, \u00dcberlegungen zur Schulentwicklung anzustellen, Schulveranstaltungen anzuregen oder an gemeinsamen Festen, wie Erstkommunion, Firmung oder Feiern teilzunehmen.<\/p>\n\n\n\n<p>(Sie k\u00f6nnen nun gerne den verschiedenen Links folgen, um einen genaueren Einblick in die Allgemeine Sonderschule Mistelbach zu erhalten. Viel Freude beim Erkunden!)<\/p>\n","protected":false},"excerpt":{"rendered":"<p>&nbsp;<\/p>\n","protected":false},"author":1,"featured_media":108,"parent":0,"menu_order":0,"comment_status":"closed","ping_status":"closed","template":"","meta":{"footnotes":""},"class_list":["post-63","page","type-page","status-publish","has-post-thumbnail","hentry","latest_post"],"_links":{"self":[{"href":"https:\/\/asomistelbach.ac.at\/asomi\/wp-json\/wp\/v2\/pages\/63","targetHints":{"allow":["GET"]}}],"collection":[{"href":"https:\/\/asomistelbach.ac.at\/asomi\/wp-json\/wp\/v2\/pages"}],"about":[{"href":"https:\/\/asomistelbach.ac.at\/asomi\/wp-json\/wp\/v2\/types\/page"}],"author":[{"embeddable":true,"href":"https:\/\/asomistelbach.ac.at\/asomi\/wp-json\/wp\/v2\/users\/1"}],"replies":[{"embeddable":true,"href":"https:\/\/asomistelbach.ac.at\/asomi\/wp-json\/wp\/v2\/comments?post=63"}],"version-history":[{"count":6,"href":"https:\/\/asomistelbach.ac.at\/asomi\/wp-json\/wp\/v2\/pages\/63\/revisions"}],"predecessor-version":[{"id":359,"href":"https:\/\/asomistelbach.ac.at\/asomi\/wp-json\/wp\/v2\/pages\/63\/revisions\/359"}],"wp:featuredmedia":[{"embeddable":true,"href":"https:\/\/asomistelbach.ac.at\/asomi\/wp-json\/wp\/v2\/media\/108"}],"wp:attachment":[{"href":"https:\/\/asomistelbach.ac.at\/asomi\/wp-json\/wp\/v2\/media?parent=63"}],"curies":[{"name":"wp","href":"https:\/\/api.w.org\/{rel}","templated":true}]}}